n base 13, what is 1 - -3c?
40
In base 7, what is 20 - 12?
5
In base 15, what is 0 + 3c2?
3c2
In base 14, what is -21 - 27?
-48
In base 13, what is -10 + 813?
803
In base 16, what is 4 + -a5?
-a1
In base 7, what is 4 + -4051?
-4044
In base 3, what is -21 - -21100?
21002
In base 13, what is 138 - 3?
135
In base 7, what is 4 + -23?
-16
In base 8, what is 25 + -3?
22
In base 9, what is 221 - -2?
223
In base 2, what is 0 - -10000010011?
10000010011
In base 3, what is 11 - 1121?
-1110
In base 2, what is -1100110 - -1?
-1100101
In base 5, what is 34 - 4?
30
In base 16, what is -60 + 2?
-5e
In base 8, what is 2 + -3163?
-3161
In base 6, what is 10344 - 0?
10344
In base 9, what is 2 - -6665?
6667
In base 10, what is 11 + -89?
-78
In base 4, what is 1 - -30?
31
In base 7, what is 2653 - -10?
2663
In base 7, what is 1125 + -3?
1122
In base 3, what is -1001 + -1011?
-2012
In base 10, what is 0 - 339?
-339
In base 13, what is -1 + -6?
-7
In base 5, what is 1 + -11301?
-11300
In base 16, what is 7 - 2?
5
In base 16, what is -1 + 38e?
38d
In base 5, what is -113 + 10020?
4402
In base 13, what is -a + -131?
-13b
In base 11, what is a4 + -2?
a2
In base 4, what is 3233 + 101?
10000
In base 15, what is 38 - 2?
36
In base 9, what is -450 + -5?
-455
In base 12, what is 263 - -5?
268
In base 15, what is -7d - -4?
-79
In base 7, what is -4144 - 1?
-4145
In base 15, what is -2 + -42d?
-430
In base 2, what is 0 + -10100101?
-10100101
In base 6, what is 12 + -2?
10
In base 3, what is 2 + 112012?
112021
In base 10, what is 11080 + -2?
11078
In base 9, what is 182 + -50?
132
In base 9, what is -4 - -41?
36
In base 13, what is c0 + -1?
bc
In base 2, what is -1011 + -111?
-10010
In base 10, what is 9096 + 4?
9100
In base 2, what is -10 - -101010?
101000
In base 12, what is -23 - 81?
-a4
In base 10, what is 255 + 4?
259
In base 3, what is 1222 + 201?
2200
In base 9, what is -23 - -454?
431
In base 6, what is 1240 + -55?
1141
In base 9, what is -3 - 76?
-80
In base 9, what is -2 + 328?
326
In base 3, what is -1 - -1?
0
In base 5, what is -303 + -2?
-310
In base 14, what is 1293 + -2?
1291
In base 3, what is -2 - 10211?
-10220
In base 6, what is 42 - -413?
455
In base 10, what is 580 - -4?
584
In base 16, what is -5 - -327?
322
In base 16, what is 5 + -1043?
-103e
In base 15, what is -382 - b?
-38d
In base 3, what is -11 + -110?
-121
In base 4, what is -3 + 112032?
112023
In base 3, what is 110222022 - -10?
110222102
In base 10, what is 27 + -45?
-18
In base 16, what is -6ba + d?
-6ad
In base 6, what is 5 - 5154?
-5145
In base 4, what is -200130 + -1?
-200131
In base 3, what is -11 - -121000?
120212
In base 13, what is 190 + 16?
1a6
In base 5, what is -10 + 221?
211
In base 6, what is 550 - 5?
541
In base 11, what is a75 - 0?
a75
In base 12, what is -7 - -45b?
454
In base 5, what is 140 - -23?
213
In base 4, what is -3213 + -2?
-3221
In base 12, what is -1b21a - 2?
-1b220
In base 3, what is -12 - 1001000?
-1001012
In base 16, what is -8e - -37?
-57
In base 8, what is -1616 + 35?
-1561
In base 5, what is -3 - 4?
-12
In base 6, what is 10 - 43?
-33
In base 4, what is -3 + 222?
213
In base 6, what is 4 + -10502?
-10454
In base 8, what is -1466 - 3?
-1471
In base 11, what is 589 + -1?
588
In base 10, what is -307 + -5?
-312
In base 15, what is 78 + 17?
90
In base 14, what is 441 + 5?
446
In base 4, what is -1120202 - 1?
-1120203
In base 9, what is 618 - -1?
620
In base 16, what is -16 - d8?
-ee
In base 7, what is -4 - -1051?
1044
In base 2, what is -1100 + 11101?
10001
In base 15, what is -151 - 3?
-154
In base 4, what is 21 + -11022?
-11001
In base 8, what is -42 - 360?
-422
In base 9, what is 486 + -6?
480
In base 6, what is -43 + -522?
-1005
In base 16, what is -2 - -11?
f
In base 14, what is -4 + -8a?
-90
In base 12, what is 0 + 37?
37
In base 7, what is -5 - 62?
-100
In base 6, what is 4 + 2?
10
In base 5, what is 21 - 310?
-234
In base 14, what is 0 - -46?
46
In base 3, what is -10 - -121010?
121000
In base 11, what is 2823 + -2?
2821
In base 16, what is -4f0 - 6?
-4f6
In base 15, what is -2 - 13?
-15
In base 2, what is 1000 + -111111100?
-111110100
In base 4, what is -11110 + 10?
-11100
In base 3, what is -10 + -1020?
-1100
In base 11, what is 65 + -6?
5a
In base 16, what is 1c - 17?
5
In base 9, what is -4853 + 3?
-4850
In base 13, what is 9 + -3?
6
In base 7, what is -5 - -65?
60
In base 8, what is -263 - -1?
-262
In base 9, what is 5 + 268?
274
In base 2, what is -1111 - -101010000?
101000001
In base 16, what is -29 - 0?
-29
In base 11, what is 60 - -7?
67
In base 14, what is -34c - -7?
-345
In base 14, what is -cc + -12?
-100
In base 9, what is -60 + 5?
-54
In base 13, what is 109 - 0?
109
In base 2, what is -1111100 + -1010?
-10000110
In base 16, what is -5 + 2f?
2a
In base 15, what is 138 - -4?
13c
In base 6, what is -23 + -43?
-110
In base 5, what is -104 + -141?
-300
In base 15, what is 26b - 3?
268
In base 8, what is 0 + -70?
-70
In base 13, what is -4 + 52?
4b
In base 16, what is -3 - -46?
43
In base 6, what is -355 + -2?
-401
In base 14, what is -3 + -525?
-528
In base 14, what is 3 + 43?
46
In base 6, what is -104 - -142?
34
In base 6, what is 14311 - 1?
14310
In base 14, what is -26 - -31?
9
In base 3, what is -2000 + -2121?
-11121
In base 12, what is -9 + 15?
8
In base 8, what is -35 + 10?
-25
In base 2, what is -1000110010 - -10001?
-1000100001
In base 2, what is -111000110 + 0?
-111000110
In base 7, what is 1240 - 22?
1215
In base 10, what is 35 - 2?
33
In base 6, what is -34 + 4114?
4040
In base 12, what is 3 - -367?
36a
In base 16, what is 363 + -4?
35f
In base 11, what is 1059 - -1?
105a
In base 10, what is 22 - -3?
25
In base 16, what is d - -39?
46
In base 8, what is 5 - 63?
-56
In base 14, what is -7 + 3b?
34
In base 12, what is -753b - -4?
-7537
In base 6, what is 2 + -1104?
-1102
In base 4, what is 2 - 202?
-200
In base 14, what is -2 - 12?
-14
In base 4, what is 222121 - 0?
222121
In base 15, what is -2 - 23?
-25
In base 8, what is -52 + 654?
602
In base 13, what is -598 + 13?
-585
In base 12, what is 913 - -6?
919
In base 11, what is 3 + -37?
-34
In base 4, what is 0 - -300?
300
In base 5, what is 3042 + 1?
3043
In base 5, what is 1 + -3430?
-3424
In base 11, what is -6 + 6?
0
In base 14, what is -1aa2 + -3?
-1aa5
In base 13, what is -2581 - -5?
-2579
In base 9, what is -238 - -4?
-234
In base 7, what is 0 - 504?
-504
In base 8, what is -4 - 1560?
-1564
In base 8, what is -7 - -325?
316
In base 12, what is 64 + 5?
69
In base 13, what is -25 - 0?
-25
In base 11, what is 155 - -3?
158
In base 10, what is -2 - -5983?
5981
In base 12, what is 152 + 3?
155
In base 7, what is 362 - 4?
355
In base 12, what is -14 + 1a?
6
In base 11, what is 7 + -4?
3
In base 10, what is 43 - -149?
192
In base 13, what is -5 - -79?
74
In base 15, what is 5 - -3?
8
In base 6, what is 5 + 105350?
105355
In base 14, what is 4 + -1b3?
-1ad
In base 2, what is -1010001 - -11?
-1001110
In base 3, what is 2012000 + 10?
2012010
In base 12, what is 44b - -5?
454
In base 7, what is -21 - -1?
-20
In base 4, what is -1320 - 10?
-1330
In base 5, what is -12 - 121?
-133
In base 11, what is 123 - -19?
141
In base 12, what is -3 - -1669?
1666
In base 3, what is 21 - -1020?
1111
In base 15, what is -4 - 1d?
-22
In base 16, what is -73 + 5c?
-17
In base 7, what is -5 - 1413?
-1421
In base 11, what is -74 + 3?
-71
In base 8, what is -77457 - -4?
-77453
In base 7, what is -23 + 4?
-16
In base 15, what is 6 - -4?
a
In base 12, what is 0 - b8?
-b8
In base 7, what is -3 + -266?
-302
In base 16, what is 20 + 12?
32
In base 15, what is 74 - -2?
76
In base 15, what is 2 - -d5e?
d61
In base 16, what is -1 + 44?
43
In base 2, what is -111111110101 - -101?
-111111110000
In base 9, what is 146 - 5?
141
In base 9, what is 1 + -415?
-414
In base 14, what is 45 - -51?
96
In base 10, what is -1 + 25?
24
In base 2, what is 1 - 111101011?
-111101010
In base 16, what is 2260 + 5?
2265
In base 14, what is 1 + -2?
-1
In base 15, what is -12ee + -1?
-1300
In base 13, what is -c62 + -2?
-c64
In base 12, what is -a6a - -3?
-a67
In base 7, what is -10200 + 3?
-10164
In base 4, what is -2313231 + -11?
-2313302
In base 3, what is -10212010 + -12?
-10212022
In base 10, what is 6 - 9?
-3
In base 4, what is -10 - 